{"id":70,"date":"2019-11-08T11:47:21","date_gmt":"2019-11-08T10:47:21","guid":{"rendered":"http:\/\/entractifs.org\/?page_id=70"},"modified":"2023-12-02T01:05:29","modified_gmt":"2023-12-02T00:05:29","slug":"notre-charte-nos-valeurs","status":"publish","type":"page","link":"https:\/\/entractifs.org\/index.php\/notre-charte-nos-valeurs\/","title":{"rendered":"Notre Charte"},"content":{"rendered":"\n<p class=\"has-text-align-center\"><strong>L&rsquo;\u00e9coute et la bienveillance :<\/strong><\/p>\n\n\n\n<p class=\"has-text-align-center\">Etre bienveillant dans un esprit d&rsquo;ouverture, sans jugement de la personne<\/p>\n\n\n\n<p><\/p>\n\n\n\n<p class=\"has-text-align-center\"><strong>La libert\u00e9 :<\/strong><\/p>\n\n\n\n<p class=\"has-text-align-center\">Dans le respect des autres membres d&rsquo;Entr&rsquo;Actifs<\/p>\n\n\n\n<p><\/p>\n\n\n\n<p class=\"has-text-align-center\"><strong>Le &lsquo;Faire Ensemble&rsquo; :<\/strong><\/p>\n\n\n\n<p class=\"has-text-align-center\">D\u00e9cider ensemble, \u00eatre engag\u00e9s, \u00eatre impliqu\u00e9s<\/p>\n\n\n\n<p class=\"has-text-align-center\">Chacun est source de proposition<\/p>\n\n\n\n<p class=\"has-text-align-center\">Chacun peut agir<\/p>\n\n\n\n<p class=\"has-text-align-center\">Des ateliers sont autog\u00e9r\u00e9s, y compris leur financement<\/p>\n\n\n\n<p><\/p>\n\n\n\n<p><\/p>\n\n\n\n<p class=\"has-text-align-center\"><strong>Instances d\u00e9cisionnelles :<\/strong><\/p>\n\n\n\n<p class=\"has-text-align-center\">Le Bureau s&rsquo;occupe des aspects administratifs d&rsquo;Entr&rsquo;Actifs<\/p>\n\n\n\n<p class=\"has-text-align-center\">Les activit\u00e9s d&rsquo;Entr&rsquo;Actifs sont g\u00e9r\u00e9es par les membres de l&rsquo;association \u00e0 travers des r\u00e9unions d&rsquo;adh\u00e9rents<\/p>\n\n\n\n<p><\/p>\n\n\n\n<p class=\"has-text-align-center\"><strong>Communication :<\/strong><\/p>\n\n\n\n<p class=\"has-text-align-center\">Entr&rsquo;Actifs a vocation \u00e0 partager avec d&rsquo;autres associations du Voironnais qui partagents ses valeurs.<\/p>\n\n\n\n<p class=\"has-text-align-center\">Les membres d&rsquo;Entr&rsquo;Actifs feront de leur mieux pour informer les autres membres d&rsquo;Entr&rsquo;Actifs \u00e0 travers les r\u00e9unions d&rsquo;adh\u00e9rents.<\/p>\n\n\n\n<p class=\"has-text-align-center\"><img decoding=\"async\" loading=\"lazy\" width=\"341\" height=\"260\" class=\"wp-image-243\" style=\"width: 150px;\" src=\"http:\/\/entractifs.org\/wp-content\/uploads\/2019\/12\/logo.png\" alt=\"\" srcset=\"https:\/\/entractifs.org\/wp-content\/uploads\/2019\/12\/logo.png 341w, https:\/\/entractifs.org\/wp-content\/uploads\/2019\/12\/logo-300x229.png 300w, https:\/\/entractifs.org\/wp-content\/uploads\/2019\/12\/logo-150x114.png 150w, https:\/\/entractifs.org\/wp-content\/uploads\/2019\/12\/logo-100x76.png 100w\" sizes=\"(max-width: 341px) 100vw, 341px\" \/><\/p>\n\n\n\n<p><\/p>\n","protected":false},"excerpt":{"rendered":"<p>L&rsquo;\u00e9coute et la bienveillance : Etre bienveillant dans un esprit d&rsquo;ouverture, sans jugement de la personne La libert\u00e9 : Dans le respect des autres membres d&rsquo;Entr&rsquo;Actifs Le &lsquo;Faire Ensemble&rsquo; : [&hellip;]<\/p>\n","protected":false},"author":1,"featured_media":0,"parent":0,"menu_order":0,"comment_status":"closed","ping_status":"closed","template":"","meta":{"footnotes":""},"_links":{"self":[{"href":"https:\/\/entractifs.org\/index.php\/wp-json\/wp\/v2\/pages\/70"}],"collection":[{"href":"https:\/\/entractifs.org\/index.php\/wp-json\/wp\/v2\/pages"}],"about":[{"href":"https:\/\/entractifs.org\/index.php\/wp-json\/wp\/v2\/types\/page"}],"author":[{"embeddable":true,"href":"https:\/\/entractifs.org\/index.php\/wp-json\/wp\/v2\/users\/1"}],"replies":[{"embeddable":true,"href":"https:\/\/entractifs.org\/index.php\/wp-json\/wp\/v2\/comments?post=70"}],"version-history":[{"count":11,"href":"https:\/\/entractifs.org\/index.php\/wp-json\/wp\/v2\/pages\/70\/revisions"}],"predecessor-version":[{"id":737,"href":"https:\/\/entractifs.org\/index.php\/wp-json\/wp\/v2\/pages\/70\/revisions\/737"}],"wp:attachment":[{"href":"https:\/\/entractifs.org\/index.php\/wp-json\/wp\/v2\/media?parent=70"}],"curies":[{"name":"wp","href":"https:\/\/api.w.org\/{rel}","templated":true}]}}

<p class="has-text-align-center"><strong>L&rsquo;écoute et la bienveillance :</strong></p>



<p class="has-text-align-center">Etre bienveillant dans un esprit d&rsquo;ouverture, sans jugement de la personne</p>



<p></p>



<p class="has-text-align-center"><strong>La liberté :</strong></p>



<p class="has-text-align-center">Dans le respect des autres membres d&rsquo;Entr&rsquo;Actifs</p>



<p></p>



<p class="has-text-align-center"><strong>Le &lsquo;Faire Ensemble&rsquo; :</strong></p>



<p class="has-text-align-center">Décider ensemble, être engagés, être impliqués</p>



<p class="has-text-align-center">Chacun est source de proposition</p>



<p class="has-text-align-center">Chacun peut agir</p>



<p class="has-text-align-center">Des ateliers sont autogérés, y compris leur financement</p>



<p></p>



<p></p>



<p class="has-text-align-center"><strong>Instances décisionnelles :</strong></p>



<p class="has-text-align-center">Le Bureau s&rsquo;occupe des aspects administratifs d&rsquo;Entr&rsquo;Actifs</p>



<p class="has-text-align-center">Les activités d&rsquo;Entr&rsquo;Actifs sont gérées par les membres de l&rsquo;association à travers des réunions d&rsquo;adhérents</p>



<p></p>



<p class="has-text-align-center"><strong>Communication :</strong></p>



<p class="has-text-align-center">Entr&rsquo;Actifs a vocation à partager avec d&rsquo;autres associations du Voironnais qui partagents ses valeurs.</p>



<p class="has-text-align-center">Les membres d&rsquo;Entr&rsquo;Actifs feront de leur mieux pour informer les autres membres d&rsquo;Entr&rsquo;Actifs à travers les réunions d&rsquo;adhérents.</p>



<p class="has-text-align-center"><img decoding="async" loading="lazy" width="341" height="260" class="wp-image-243" style="width: 150px;" src="http://entractifs.org/wp-content/uploads/2019/12/logo.png" alt="" srcset="https://entractifs.org/wp-content/uploads/2019/12/logo.png 341w, https://entractifs.org/wp-content/uploads/2019/12/logo-300x229.png 300w, https://entractifs.org/wp-content/uploads/2019/12/logo-150x114.png 150w, https://entractifs.org/wp-content/uploads/2019/12/logo-100x76.png 100w" sizes="(max-width: 341px) 100vw, 341px" /></p>



<p></p>

<p>L&rsquo;écoute et la bienveillance : Etre bienveillant dans un esprit d&rsquo;ouverture, sans jugement de la personne La liberté : Dans le respect des autres membres d&rsquo;Entr&rsquo;Actifs Le &lsquo;Faire Ensemble&rsquo; : [&hellip;]</p>
