{"id":80,"date":"2019-11-08T11:52:41","date_gmt":"2019-11-08T10:52:41","guid":{"rendered":"http:\/\/entractifs.org\/?page_id=80"},"modified":"2020-02-14T18:17:41","modified_gmt":"2020-02-14T17:17:41","slug":"presentation","status":"publish","type":"page","link":"https:\/\/entractifs.org\/","title":{"rendered":"Qui sommes-nous ?"},"content":{"rendered":"<p>L&rsquo;Homme est un \u00eatre social enrichi par ses relations. Seul, il se replie sur lui-m\u00eame et d\u00e9p\u00e9rit.<\/p>\n<p>Il est vital d&rsquo;\u00e9changer. Encore faut-il pouvoir le faire&#8230;<\/p>\n<p>Dans ce monde de concurrence effr\u00e9n\u00e9e, de gagnants et de perdants, o\u00f9 l&rsquo;argent roi d\u00e9truit toute relation humaine, comment permettre \u00e0 tous et \u00e0 chacun de se r\u00e9aliser et d&rsquo;\u00eatre reconnu par les autres ?<\/p>\n<p>Il nous faut retrouver la primaut\u00e9 de l&rsquo;\u00eatre sur l&rsquo;avoir. Chaque personne est porteuse de savoirs acquis par l&rsquo;instruction ou l&rsquo;exp\u00e9rience.<\/p>\n<p>Pour pouvoir \u00e9changer, pas de hi\u00e9rarchie des savoirs, pas d&rsquo;\u00e9change financier, pas question de mesurer le temps donn\u00e9, mais simplement partage gratuit de connaissances.<\/p>\n<p>L&rsquo;essentiel est de s&rsquo;enrichir mutuellement.<\/p>\n<p>Il nous faut donc passer d&rsquo;une philosophie de la concurrence qui exclut \u00e0 celle de la compl\u00e9mentarit\u00e9 qui valorise celui qui transmet et celui qui re\u00e7oit.<\/p>\n<p>Tout un programme ! Rejoignez-nous !<\/p>\n<p><em>Jacques<\/em><\/p>\n","protected":false},"excerpt":{"rendered":"<p>L&rsquo;Homme est un \u00eatre social enrichi par ses relations. Seul, il se replie sur lui-m\u00eame et d\u00e9p\u00e9rit. Il est vital d&rsquo;\u00e9changer. Encore faut-il pouvoir le faire&#8230; Dans ce monde de [&hellip;]<\/p>\n","protected":false},"author":1,"featured_media":0,"parent":0,"menu_order":0,"comment_status":"closed","ping_status":"closed","template":"page_fullwidth.php","meta":{"footnotes":""},"_links":{"self":[{"href":"https:\/\/entractifs.org\/index.php\/wp-json\/wp\/v2\/pages\/80"}],"collection":[{"href":"https:\/\/entractifs.org\/index.php\/wp-json\/wp\/v2\/pages"}],"about":[{"href":"https:\/\/entractifs.org\/index.php\/wp-json\/wp\/v2\/types\/page"}],"author":[{"embeddable":true,"href":"https:\/\/entractifs.org\/index.php\/wp-json\/wp\/v2\/users\/1"}],"replies":[{"embeddable":true,"href":"https:\/\/entractifs.org\/index.php\/wp-json\/wp\/v2\/comments?post=80"}],"version-history":[{"count":6,"href":"https:\/\/entractifs.org\/index.php\/wp-json\/wp\/v2\/pages\/80\/revisions"}],"predecessor-version":[{"id":392,"href":"https:\/\/entractifs.org\/index.php\/wp-json\/wp\/v2\/pages\/80\/revisions\/392"}],"wp:attachment":[{"href":"https:\/\/entractifs.org\/index.php\/wp-json\/wp\/v2\/media?parent=80"}],"curies":[{"name":"wp","href":"https:\/\/api.w.org\/{rel}","templated":true}]}}